*a**2 - 17*a - 47. Calculate i(-4).
117
Let x(m) = m**2 - 71*m + 491. Calculate x(8).
-13
Let m(f) = f**3 + 10*f**2 + 15*f + 444. What is m(-12)?
-24
Let x(u) = 151*u - 2917. What is x(19)?
-48
Let h(j) = 15*j - 173. What is h(13)?
22
Let p(i) = -i**3 + 21*i**2 + 403*i - 53. Calculate p(33).
178
Let y(w) = w**2 - 64*w - 6077. What is y(-52)?
-45
Let u(h) = 123*h + 1474. What is u(-12)?
-2
Let v(u) = -88*u - 9417. What is v(-107)?
-1
Let u(g) = -g**3 + 102*g**2 - 2431*g - 57. What is u(64)?
7
Let m(g) = -3*g**3 + 8*g**2 - 3*g - 1. What is m(4)?
-77
Let x(f) = -890*f + 5351. Calculate x(6).
11
Let d(y) = -5*y**2 + 2*y + 22. Give d(0).
22
Let k(y) = 6*y**3 - 24*y**2 - 26*y - 1. Give k(-1).
-5
Let v(h) = 32*h**2 - 218*h - 52. Calculate v(7).
-10
Let w(c) = -3*c**3 - 123*c**2 + 9*c + 102. Determine w(-41).
-267
Let p(y) = -4*y**3 + 121*y**2 - 43*y + 379. Determine p(30).
-11
Let f(z) = -928*z. What is f(0)?
0
Let d(b) = b**3 + 17*b**2 + 16*b + 6. What is d(-16)?
6
Let v(z) = -z**3 - 12*z**2 - 65*z - 1039. Determine v(-13).
-25
Let m(l) = 11*l**2 - 13*l + 10. Calculate m(1).
8
Let w(l) = -350*l + 2042. Give w(5).
292
Let u(i) = i**3 + 10*i**2 - 9*i + 48. Determine u(-11).
26
Let s(q) = -3*q**3 - 27*q**2 + 91*q + 926. Give s(-7).
-5
Let a(o) = -7*o**2 - 2*o - 5. Calculate a(6).
-269
Let j(o) = o**2 + 1057*o - 12818. Determine j(12).
10
Let g(k) = -k**3 + 9*k**2 - k - 46. What is g(8)?
10
Let p(d) = -170*d - 1817. Determine p(-11).
53
Let k(h) = h**3 - 5*h**2 - 181*h + 80. Calculate k(16).
0
Let a(l) = l**2 - 134*l + 621. Calculate a(5).
-24
Let a(w) = w**3 - 18*w**2 + 13*w - 6. Calculate a(3).
-102
Let p(i) = 4*i**3 - 21*i**2 - 43*i - 16. Calculate p(8).
344
Let v(c) = -51*c**3 - 12*c - 20. Give v(-2).
412
Let q(r) = -r**2 + 11*r + 198. Determine q(0).
198
Let z(f) = -5*f**2 - 43*f + 55. What is z(-7)?
111
Let m(r) = 326*r + 332. Calculate m(-1).
6
Let h(a) = -4*a**3 + 7*a**2 + 7*a - 2. Give h(3).
-26
Let f(w) = -4*w**2 + 82*w + 169. Determine f(-2).
-11
Let v(t) = -280*t - 116. Calculate v(-1).
164
Let u(y) = -43*y**2 - 110*y + 64. What is u(-3)?
7
Let m(d) = -13033*d + 39094. Calculate m(3).
-5
Let i(v) = 2*v**3 + 28*v**2 + 71*v + 49. Calculate i(-11).
-6
Let x(r) = r**3 - 142*r**2 - 292*r + 456. Determine x(144).
-120
Let z(g) = 238*g + 618. Give z(-3).
-96
Let y(d) = 7*d**2 - 412*d - 1203. Calculate y(-3).
96
Let z(u) = 722*u + 3601. What is z(-5)?
-9
Let w(q) = q**3 + 24*q**2 + 137*q + 140. Calculate w(-16).
-4
Let x(b) = -4*b**3 + 3*b - 16. Calculate x(4).
-260
Let y(r) = -15*r**2 + 6*r + 17. Determine y(-3).
-136
Let s(k) = -2*k + 62. Give s(23).
16
Let p(t) = -8*t**3 + t**2 - 28*t + 30. Calculate p(1).
-5
Let k(y) = -y**3 + 22*y**2 + 53*y - 103. Determine k(24).
17
Let d(s) = 7*s**2 - 447*s + 368. Determine d(63).
-10
Let j(t) = -24*t**2 - 40*t + 7. Calculate j(-4).
-217
Let w(p) = 5*p**2 - 41*p + 39. What is w(7)?
-3
Let b(d) = -2*d**3 + 4*d**2 + 32*d - 43. Give b(6).
-139
Let l(z) = 321*z + 6414. Determine l(-20).
-6
Let w(a) = 23*a + 155. Determine w(-16).
-213
Let s(o) = 6*o**3 + 3*o**2 - 11*o + 10. What is s(-5)?
-610
Let f(u) = 37*u - 80. Give f(9).
253
Let l(n) = -223*n + 1550. What is l(7)?
-11
Let w(u) = -u**3 - 23*u**2 - 24*u - 12. Give w(-22).
32
Let q(g) = 4*g**2 - 48*g + 121. Determine q(8).
-7
Let p(o) = -o**2 + 5*o + 31. Calculate p(-9).
-95
Let v(h) = -h**2 + 125*h - 826. What is v(7)?
0
Let k(w) = 2*w**3 - 41*w**2 + 101*w - 203. What is k(18)?
-5
Let t(d) = -28*d - 14. Calculate t(0).
-14
Let i(z) = 4*z - 44. Give i(11).
0
Let h(a) = -9*a - 801. Determine h(-89).
0
Let i(u) = -u**3 - 18*u**2 + 43*u - 42. Determine i(-20).
-102
Let h(a) = -13*a**2 + 5*a + 28. Calculate h(-4).
-200
Let x(i) = 3*i**2 + 54*i + 227. Give x(-11).
-4
Let h(l) = -l**3 + 70*l**2 - 137*l + 87. Determine h(68).
19
Let q(x) = -1494*x + 58278. Give q(39).
12
Let y(o) = o**2 - 199*o - 19875. Give y(-73).
-19
Let p(t) = -t**2 + 168*t + 1775. Calculate p(-10).
-5
Let f(h) = -1612*h + 1540. Give f(1).
-72
Let f(o) = 3*o**2 + 16*o + 2. Determine f(-5).
-3
Let z(q) = q**2 + 43*q - 1492. Determine z(23).
26
Let t(u) = -20*u - 19. Calculate t(3).
-79
Let q(s) = -s**2 - 70*s - 402. Calculate q(-63).
39
Let r(h) = -43*h - 226. Determine r(-9).
161
Let j(q) = 12*q + 51. Determine j(12).
195
Let t(r) = -r**2 + 12*r - 9. Give t(2).
11
Let q(u) = -6*u**3 - 4*u**2 - u - 2. Determine q(0).
-2
Let l(o) = 8272*o + 24803. Determine l(-3).
-13
Let g(h) = 69*h - 1394. What is g(15)?
-359
Let l(a) = -a**3 - 52*a**2 - 104*a + 25. Give l(-50).
225
Let x(f) = f**2 + 27*f - 133. Calculate x(-26).
-159
Let m(r) = 6*r**2 + 2*r - 1. Calculate m(-3).
47
Let o(t) = -2*t**2 + 37*t - 163. Determine o(8).
5
Let b(o) = -o**2 + 65*o - 554. Calculate b(55).
-4
Let s(a) = -4246*a - 17005. What is s(-4)?
-21
Let l(o) = 29*o + 180. Calculate l(-19).
-371
Let r(k) = 99*k + 1270. Determine r(-13).
-17
Let c(g) = g**2 + 57*g - 505. What is c(-65)?
15
Let c(o) = -55*o**3 + 4*o**2 + 12*o - 30. What is c(2)?
-430
Let v(y) = -15*y**2 - 13*y + 2. What is v(5)?
-438
Let a(w) = -w**3 - 29*w**2 - 55*w - 49. Give a(-27).
-22
Let g(z) = z**3 - 15*z**2 - 88*z + 1486. What is g(13)?
4
Let w(v) = 9687*v + 77483. Calculate w(-8).
-13
Let g(m) = -392*m - 1946. Give g(-5).
14
Let j(x) = x**2 + 33*x - 92. What is j(-41)?
236
Let u(l) = -l**3 - 43*l**2 + 4*l + 99. Give u(-43).
-73
Let a(u) = 12062*u - 24116. Calculate a(2).
8
Let g(v) = 396*v + 52690. What is g(-133)?
22
Let c(p) = -58*p - 218. What is c(-10)?
362
Let p(b) = b**3 + 32*b**2 + 189*b + 41. Determine p(-8).
65
Let t(g) = -g**3 + 21*g**2 + 364*g + 1056. Calculate t(33).
0
Let j(d) = 4*d**2 - 48*d - 12. Give j(11).
-56
Let t(m) = m**2 - 49*m. Calculate t(7).
-294
Let t(u) = -8*u**3 + 18*u**2 - 3*u - 2. Calculate t(2).
0
Let i(t) = -t**2 - 25*t - 74. What is i(-21)?
10
Let q(g) = 3*g**3 - 25*g**2 - 14*g - 25. Give q(9).
11
Let q(y) = -2339*y - 65484. What is q(-28)?
8
Let y(i) = -143*i + 250. Calculate y(5).
-465
Let m(k) = -3*k**3 - 23*k**2 + 18*k + 26. Give m(-8).
-54
Let s(z) = z**3 + 50*z**2 + 47*z + 4983. What is s(-51)?
-15
Let g(n) = 9*n + 595. Give g(5).
640
Let p(a) = a**3 + 46*a**2 + 136*a + 2122. Determine p(-44).
10
Let y(p) = -p**3 + 90*p**2 + p + 277. Give y(90).
367
Let p(o) = -o**3 + 5*o**2 + 6270*o - 37586. Give p(6).
-2
Let o(h) = -41*h**2 + 4227*h - 411. Calculate o(103).
1
Let f(r) = r**2 + 27*r - 59. What is f(3)?
31
Let b(d) = 104*d + 337. What is b(-3)?
25
Let v(i) = -2*i**2 + 33*i - 42. Give v(14).
28
Let j(u) = u**3 - 5*u**2 - u + 12. Determine j(-3).
-57
Let s(m) = -42*m + 19. Determine s(1).
-23
Let z(g) = g**3 + 17*g**2 + 161*g + 3778. Give z(-19).
-3
Let o(m) = 9*m + 75. Calculate o(-6).
21
Let j(l) = -3*l**2 + 38*l + 2015. Determine j(33).
2
Let x(a) = -25*a**3 - 174*a**2 + 9*a - 6. Determine x(-7).
-20
Let l(i) = 13*i**2 - 108*i + 12. What is l(6)?
-168
Let i(o) = o**3 + 45*o**2 - 160*o - 7196. Determine i(-45).
4
Let b(i) = -i**2 - 28*i - 122. Determine b(-14).
74
Let o(h) = 5*h**3 + 10*h**2 - 4*h - 7. Calculate o(-3).
-40
Let u(c) = -c**3 - 14*c**2 + 12*c + 79. What is u(-12)?
-353
Let k(w) = 8*w**2 + 564*w + 278. Determine k(-70).
-2
Let m(b) = b**3 + 73*b**2 - 177*b - 2033. Calculate m(-75).
-8
Let u(s) = -2*s**3 - 47*s**2 + 20*s - 49. Calculate u(-24).
47
Let a(x) = 14*x**2 + 138*x + 1. Calculate a(-13).
573
Let w(b) = -b**3 + 43*b**2 + 44*b + 16. Calculate w(44).
16
Let t(j) = 4*j**2 + 64*j - 370. Give t(6).
158
Let x(m) = 1994*m + 35884. What is x(-18)?
-8
Let k(y) = -y**2 + 927*y - 8252. What is k(9)?
10
Let p(f) = 26*f - 1688. Determine p(65).
2
Let j(s) = 276*s + 2749. Calculate j(-10).
-11
Let o(f) = 2*f + 240. Give o(19).
278
Let i(b) = -95*b + 2058. Calculate i(22).
-32
Let t(i) = 4*i**2 - 30*i - 898. Calculate t(-15).
452
Let o(l) = -21*l**3 + 292*l**2 + 40*l - 31. What is o(14)?
137
Let r(t) = 11*t + 93. What is r(-2)?
71
Let d(c) = c + 10. Determine d(11).
21
Let k(n) = -n**3 - 275*n**2 + 184*n + 50598. Calculate k(-275).
-2
Let b(c) = -3631*c - 10876. What is b(-3)?
17
Let t(n) = -75*n + 33. What is t(2)?
-117
Let h(j) = -4*j + 156. What is h(54)?
-60
Let q(v) = -38*v + 2030. What is q(49)?
168
Let y(w) = -w**2 - 3*w + 21. Calculate y(5).
-19
Let l(s) = s**2 - 89*s - 480. Give l(94).
-10
Let l(q) = -106